{"id":1350,"date":"2019-03-07T09:27:08","date_gmt":"2019-03-07T09:27:08","guid":{"rendered":"http:\/\/ffwi.myprohost.com\/?page_id=1350"},"modified":"2025-01-08T23:22:28","modified_gmt":"2025-01-08T23:22:28","slug":"ev-rodler-felix","status":"publish","type":"page","link":"https:\/\/ff.winzendorf.at\/?page_id=1350","title":{"rendered":"EV RODLER Felix sen."},"content":{"rendered":"\n<hr class=\"wp-block-separator has-css-opacity\"\/>\n\n\n\n<figure class=\"wp-block-image size-large is-resized\"><a href=\"https:\/\/ff.winzendorf.at\/wp-content\/uploads\/2021\/12\/Rodler-Felix-sen-scaled.jpg\"><img fetchpriority=\"high\" decoding=\"async\" width=\"682\" height=\"1024\" src=\"https:\/\/ff.winzendorf.at\/wp-content\/uploads\/2021\/12\/Rodler-Felix-sen-682x1024.jpg\" alt=\"\" class=\"wp-image-2299\" style=\"width:341px;height:512px\" srcset=\"https:\/\/ff.winzendorf.at\/wp-content\/uploads\/2021\/12\/Rodler-Felix-sen-682x1024.jpg 682w, https:\/\/ff.winzendorf.at\/wp-content\/uploads\/2021\/12\/Rodler-Felix-sen-200x300.jpg 200w, https:\/\/ff.winzendorf.at\/wp-content\/uploads\/2021\/12\/Rodler-Felix-sen-768x1154.jpg 768w, https:\/\/ff.winzendorf.at\/wp-content\/uploads\/2021\/12\/Rodler-Felix-sen-1022x1536.jpg 1022w, https:\/\/ff.winzendorf.at\/wp-content\/uploads\/2021\/12\/Rodler-Felix-sen-1363x2048.jpg 1363w, https:\/\/ff.winzendorf.at\/wp-content\/uploads\/2021\/12\/Rodler-Felix-sen-scaled.jpg 1704w\" sizes=\"(max-width: 682px) 100vw, 682px\" \/><\/a><\/figure>\n\n\n\n<hr class=\"wp-block-separator has-css-opacity\"\/>\n\n\n\n<h3 class=\"wp-block-heading\">Beitritt<\/h3>\n\n\n\n<table class=\"alignleft\" style=\"height: 10px;\">\n<tbody>\n<tr style=\"height: 30px;\">\n<td style=\"width: 123.65px; height: 10px;\"><strong>Beitrittsdatum<\/strong><\/td>\n<td style=\"width: 436.35px; height: 10px;\">06.01.1971<\/td>\n<\/tr>\n<\/tbody>\n<\/table>\n\n\n\n<hr class=\"wp-block-separator has-css-opacity\"\/>\n\n\n\n<div style=\"height:35px\" aria-hidden=\"true\" class=\"wp-block-spacer\"><\/div>\n\n\n\n<h3 class=\"wp-block-heading\">Leistungsabzeichen<\/h3>\n\n\n\n<table class=\"alignleft\" style=\"height: 60px;\">\n<tbody>\n<tr style=\"height: 30px;\">\n<td style=\"width: 121.717px; height: 30px;\"><strong>1974<br><\/strong><\/td>\n<td style=\"width: 438.283px; height: 30px;\">Feuerwehrleistungsabzeichen Silber<\/td>\n<\/tr>\n<\/tbody>\n<\/table>\n\n\n\n<hr class=\"wp-block-separator has-css-opacity\"\/>\n\n\n\n<div style=\"height:35px\" aria-hidden=\"true\" class=\"wp-block-spacer\"><\/div>\n\n\n\n<h3 class=\"wp-block-heading\">Besondere Auszeichnungen<\/h3>\n\n\n\n<table class=\"alignleft\" style=\"height: 10px;\">\n<tbody>\n<tr>\n<td style=\"width: 121.717px;\"><strong>1993<br \/><\/strong><\/td>\n<td style=\"width: 438.283px;\">Verdienstzeichen N\u00d6 LFV<\/td>\n<\/tr>\n<tr>\n<td style=\"width: 121.717px;\"><strong>1996<br \/><\/strong><\/td>\n<td style=\"width: 438.283px;\">Ehrenzeichen f\u00fcr vielj\u00e4hrige verdienstvolle T\u00e4tigkeit auf dem Gebiete des Feuerwehr- und Rettungswesens 25 Jahre<\/td>\n<\/tr>\n<tr>\n<td style=\"width: 121.717px;\"><strong>2011<br \/><\/strong><\/td>\n<td style=\"width: 438.283px;\">Ehrenzeichen f\u00fcr vielj\u00e4hrige verdienstvolle T\u00e4tigkeit auf dem Gebiete des Feuerwehr- und Rettungswesens 40 Jahre<\/td>\n<\/tr>\n<tr>\n<td style=\"width: 121.717px;\"><strong>2021<br \/><\/strong><\/td>\n<td style=\"width: 438.283px;\">Ehrenzeichen f\u00fcr vielj\u00e4hrige verdienstvolle T\u00e4tigkeit auf dem Gebiete des Feuerwehr- und Rettungswesens 50 Jahre<\/td>\n<\/tr>\n<\/tbody>\n<\/table>\n","protected":false},"excerpt":{"rendered":"<p>Beitritt Beitrittsdatum 06.01.1971 Leistungsabzeichen 1974 Feuerwehrleistungsabzeichen Silber Besondere Auszeichnungen 1993 Verdienstzeichen N\u00d6 LFV 1996 Ehrenzeichen f\u00fcr vielj\u00e4hrige verdienstvolle T\u00e4tigkeit auf dem Gebiete des Feuerwehr- und Rettungswesens 25 Jahre 2011 Ehrenzeichen f\u00fcr vielj\u00e4hrige verdienstvolle T\u00e4tigkeit auf dem Gebiete des Feuerwehr- und Rettungswesens 40 Jahre 2021 Ehrenzeichen f\u00fcr vielj\u00e4hrige verdienstvolle T\u00e4tigkeit auf dem Gebiete des Feuerwehr- und [&hellip;]<\/p>\n","protected":false},"author":1,"featured_media":0,"parent":1030,"menu_order":0,"comment_status":"closed","ping_status":"closed","template":"","meta":{"footnotes":""},"class_list":["post-1350","page","type-page","status-publish","hentry"],"_links":{"self":[{"href":"https:\/\/ff.winzendorf.at\/index.php?rest_route=\/wp\/v2\/pages\/1350","targetHints":{"allow":["GET"]}}],"collection":[{"href":"https:\/\/ff.winzendorf.at\/index.php?rest_route=\/wp\/v2\/pages"}],"about":[{"href":"https:\/\/ff.winzendorf.at\/index.php?rest_route=\/wp\/v2\/types\/page"}],"author":[{"embeddable":true,"href":"https:\/\/ff.winzendorf.at\/index.php?rest_route=\/wp\/v2\/users\/1"}],"replies":[{"embeddable":true,"href":"https:\/\/ff.winzendorf.at\/index.php?rest_route=%2Fwp%2Fv2%2Fcomments&post=1350"}],"version-history":[{"count":6,"href":"https:\/\/ff.winzendorf.at\/index.php?rest_route=\/wp\/v2\/pages\/1350\/revisions"}],"predecessor-version":[{"id":3382,"href":"https:\/\/ff.winzendorf.at\/index.php?rest_route=\/wp\/v2\/pages\/1350\/revisions\/3382"}],"up":[{"embeddable":true,"href":"https:\/\/ff.winzendorf.at\/index.php?rest_route=\/wp\/v2\/pages\/1030"}],"wp:attachment":[{"href":"https:\/\/ff.winzendorf.at\/index.php?rest_route=%2Fwp%2Fv2%2Fmedia&parent=1350"}],"curies":[{"name":"wp","href":"https:\/\/api.w.org\/{rel}","templated":true}]}}

<hr class="wp-block-separator has-css-opacity"/>



<figure class="wp-block-image size-large is-resized"><a href="https://ff.winzendorf.at/wp-content/uploads/2021/12/Rodler-Felix-sen-scaled.jpg"><img fetchpriority="high" decoding="async" width="682" height="1024" src="https://ff.winzendorf.at/wp-content/uploads/2021/12/Rodler-Felix-sen-682x1024.jpg" alt="" class="wp-image-2299" style="width:341px;height:512px" srcset="https://ff.winzendorf.at/wp-content/uploads/2021/12/Rodler-Felix-sen-682x1024.jpg 682w, https://ff.winzendorf.at/wp-content/uploads/2021/12/Rodler-Felix-sen-200x300.jpg 200w, https://ff.winzendorf.at/wp-content/uploads/2021/12/Rodler-Felix-sen-768x1154.jpg 768w, https://ff.winzendorf.at/wp-content/uploads/2021/12/Rodler-Felix-sen-1022x1536.jpg 1022w, https://ff.winzendorf.at/wp-content/uploads/2021/12/Rodler-Felix-sen-1363x2048.jpg 1363w, https://ff.winzendorf.at/wp-content/uploads/2021/12/Rodler-Felix-sen-scaled.jpg 1704w" sizes="(max-width: 682px) 100vw, 682px" /></a></figure>



<hr class="wp-block-separator has-css-opacity"/>



<h3 class="wp-block-heading">Beitritt</h3>



<table class="alignleft" style="height: 10px;">
<tbody>
<tr style="height: 30px;">
<td style="width: 123.65px; height: 10px;"><strong>Beitrittsdatum</strong></td>
<td style="width: 436.35px; height: 10px;">06.01.1971</td>
</tr>
</tbody>
</table>



<hr class="wp-block-separator has-css-opacity"/>



<div style="height:35px" aria-hidden="true" class="wp-block-spacer"></div>



<h3 class="wp-block-heading">Leistungsabzeichen</h3>



<table class="alignleft" style="height: 60px;">
<tbody>
<tr style="height: 30px;">
<td style="width: 121.717px; height: 30px;"><strong>1974<br></strong></td>
<td style="width: 438.283px; height: 30px;">Feuerwehrleistungsabzeichen Silber</td>
</tr>
</tbody>
</table>



<hr class="wp-block-separator has-css-opacity"/>



<div style="height:35px" aria-hidden="true" class="wp-block-spacer"></div>



<h3 class="wp-block-heading">Besondere Auszeichnungen</h3>



<table class="alignleft" style="height: 10px;">
<tbody>
<tr>
<td style="width: 121.717px;"><strong>1993<br /></strong></td>
<td style="width: 438.283px;">Verdienstzeichen NÖ LFV</td>
</tr>
<tr>
<td style="width: 121.717px;"><strong>1996<br /></strong></td>
<td style="width: 438.283px;">Ehrenzeichen für vieljährige verdienstvolle Tätigkeit auf dem Gebiete des Feuerwehr- und Rettungswesens 25 Jahre</td>
</tr>
<tr>
<td style="width: 121.717px;"><strong>2011<br /></strong></td>
<td style="width: 438.283px;">Ehrenzeichen für vieljährige verdienstvolle Tätigkeit auf dem Gebiete des Feuerwehr- und Rettungswesens 40 Jahre</td>
</tr>
<tr>
<td style="width: 121.717px;"><strong>2021<br /></strong></td>
<td style="width: 438.283px;">Ehrenzeichen für vieljährige verdienstvolle Tätigkeit auf dem Gebiete des Feuerwehr- und Rettungswesens 50 Jahre</td>
</tr>
</tbody>
</table>

<p>Beitritt Beitrittsdatum 06.01.1971 Leistungsabzeichen 1974 Feuerwehrleistungsabzeichen Silber Besondere Auszeichnungen 1993 Verdienstzeichen NÖ LFV 1996 Ehrenzeichen für vieljährige verdienstvolle Tätigkeit auf dem Gebiete des Feuerwehr- und Rettungswesens 25 Jahre 2011 Ehrenzeichen für vieljährige verdienstvolle Tätigkeit auf dem Gebiete des Feuerwehr- und Rettungswesens 40 Jahre 2021 Ehrenzeichen für vieljährige verdienstvolle Tätigkeit auf dem Gebiete des Feuerwehr- und [&hellip;]</p>
