{"id":1210,"date":"2019-02-21T13:10:17","date_gmt":"2019-02-21T13:10:17","guid":{"rendered":"http:\/\/ffwi.myprohost.com\/?page_id=1210"},"modified":"2025-01-08T09:06:53","modified_gmt":"2025-01-08T09:06:53","slug":"hfm-huber-juergen","status":"publish","type":"page","link":"https:\/\/ff.winzendorf.at\/?page_id=1210","title":{"rendered":"LM HUBER J\u00fcrgen"},"content":{"rendered":"\n<hr class=\"wp-block-separator has-css-opacity\"\/>\n\n\n\n<figure class=\"wp-block-image size-large is-resized\"><img fetchpriority=\"high\" decoding=\"async\" width=\"683\" height=\"1024\" src=\"https:\/\/ff.winzendorf.at\/wp-content\/uploads\/2021\/12\/Huber-Juergen-683x1024.jpg\" alt=\"\" class=\"wp-image-2324\" style=\"width:342px;height:512px\" srcset=\"https:\/\/ff.winzendorf.at\/wp-content\/uploads\/2021\/12\/Huber-Juergen-683x1024.jpg 683w, https:\/\/ff.winzendorf.at\/wp-content\/uploads\/2021\/12\/Huber-Juergen-200x300.jpg 200w, https:\/\/ff.winzendorf.at\/wp-content\/uploads\/2021\/12\/Huber-Juergen-768x1152.jpg 768w, https:\/\/ff.winzendorf.at\/wp-content\/uploads\/2021\/12\/Huber-Juergen-1024x1536.jpg 1024w, https:\/\/ff.winzendorf.at\/wp-content\/uploads\/2021\/12\/Huber-Juergen-1366x2048.jpg 1366w, https:\/\/ff.winzendorf.at\/wp-content\/uploads\/2021\/12\/Huber-Juergen-scaled.jpg 1707w\" sizes=\"(max-width: 683px) 100vw, 683px\" \/><\/figure>\n\n\n\n<h3 class=\"wp-block-heading\">Beitritt und Funktion<\/h3>\n\n\n\n<table class=\"alignleft\" style=\"height: 33px; width: 100%;\">\n<tbody>\n<tr style=\"height: 30px;\">\n<td style=\"width: 123.65px; height: 10px;\"><strong>Beitrittsdatum<\/strong><\/td>\n<td style=\"width: 436.35px; height: 10px;\">06.01.1997<\/td>\n<\/tr>\n<tr style=\"height: 23px;\">\n<td style=\"width: 123.65px; height: 23px;\"><strong>seit 2021<\/strong><\/td>\n<td style=\"width: 436.35px; height: 23px;\">Fahrmeister<\/td>\n<\/tr>\n<\/tbody>\n<\/table>\n\n\n\n<hr class=\"wp-block-separator has-css-opacity\"\/>\n\n\n\n<div style=\"height:35px\" aria-hidden=\"true\" class=\"wp-block-spacer\"><\/div>\n\n\n\n<h3 class=\"wp-block-heading\">Aktuelle Funktionen<\/h3>\n\n\n\n<table style=\"border-collapse: collapse; width: 100%;\">\n<tbody>\n<tr>\n<td style=\"width: 21.6667%;\"><strong>seit 2021<\/strong><\/td>\n<td style=\"width: 78.3333%;\">Fahrmeister<\/td>\n<\/tr>\n<\/tbody>\n<\/table>\n\n\n\n<hr class=\"wp-block-separator has-css-opacity\"\/>\n\n\n\n<div style=\"height:35px\" aria-hidden=\"true\" class=\"wp-block-spacer\"><\/div>\n\n\n\n<h3 class=\"wp-block-heading\">Leistungsabzeichen<\/h3>\n\n\n\n<table class=\"alignleft\" style=\"height: 27px; width: 100%;\">\n<tbody>\n<tr style=\"height: 27px;\">\n<td style=\"width: 121.717px; height: 27px;\"><strong>2006<br><\/strong><\/td>\n<td style=\"width: 438.283px; height: 27px;\">Ausbildungspr\u00fcfung \u201eTechnischer Einsatz\u201c Bronze<\/td>\n<\/tr>\n<\/tbody>\n<\/table>\n\n\n\n<hr class=\"wp-block-separator has-css-opacity\"\/>\n\n\n\n<div style=\"height:35px\" aria-hidden=\"true\" class=\"wp-block-spacer\"><\/div>\n\n\n\n<h3 class=\"wp-block-heading\">Besondere Auszeichnungen<\/h3>\n\n\n\n<table class=\"alignleft\" style=\"height: 27px;\">\n<tbody>\n<tr style=\"height: 27px;\">\n<td style=\"width: 121.717px; height: 27px;\"><strong>2022<br \/><\/strong><\/td>\n<td style=\"width: 438.283px; height: 27px;\">Ehrenzeichen f\u00fcr vielj\u00e4hrige verdienstvolle T\u00e4tigkeit auf dem Gebiete des Feuerwehr- und Rettungswesens 25 Jahre<\/td>\n<\/tr>\n<tr>\n<td style=\"width: 121.717px;\"><strong>2024<br \/><\/strong><\/td>\n<td style=\"width: 438.283px;\">Verdienstmedaille N\u00d6 LFV 3. Klasse Bronze<\/td>\n<\/tr>\n<\/tbody>\n<\/table>\n","protected":false},"excerpt":{"rendered":"<p>Beitritt und Funktion Beitrittsdatum 06.01.1997 seit 2021 Fahrmeister Aktuelle Funktionen seit 2021 Fahrmeister Leistungsabzeichen 2006 Ausbildungspr\u00fcfung \u201eTechnischer Einsatz\u201c Bronze Besondere Auszeichnungen 2022 Ehrenzeichen f\u00fcr vielj\u00e4hrige verdienstvolle T\u00e4tigkeit auf dem Gebiete des Feuerwehr- und Rettungswesens 25 Jahre 2024 Verdienstmedaille N\u00d6 LFV 3. Klasse Bronze<\/p>\n","protected":false},"author":1,"featured_media":0,"parent":1027,"menu_order":0,"comment_status":"closed","ping_status":"closed","template":"","meta":{"footnotes":""},"class_list":["post-1210","page","type-page","status-publish","hentry"],"_links":{"self":[{"href":"https:\/\/ff.winzendorf.at\/index.php?rest_route=\/wp\/v2\/pages\/1210","targetHints":{"allow":["GET"]}}],"collection":[{"href":"https:\/\/ff.winzendorf.at\/index.php?rest_route=\/wp\/v2\/pages"}],"about":[{"href":"https:\/\/ff.winzendorf.at\/index.php?rest_route=\/wp\/v2\/types\/page"}],"author":[{"embeddable":true,"href":"https:\/\/ff.winzendorf.at\/index.php?rest_route=\/wp\/v2\/users\/1"}],"replies":[{"embeddable":true,"href":"https:\/\/ff.winzendorf.at\/index.php?rest_route=%2Fwp%2Fv2%2Fcomments&post=1210"}],"version-history":[{"count":8,"href":"https:\/\/ff.winzendorf.at\/index.php?rest_route=\/wp\/v2\/pages\/1210\/revisions"}],"predecessor-version":[{"id":3336,"href":"https:\/\/ff.winzendorf.at\/index.php?rest_route=\/wp\/v2\/pages\/1210\/revisions\/3336"}],"up":[{"embeddable":true,"href":"https:\/\/ff.winzendorf.at\/index.php?rest_route=\/wp\/v2\/pages\/1027"}],"wp:attachment":[{"href":"https:\/\/ff.winzendorf.at\/index.php?rest_route=%2Fwp%2Fv2%2Fmedia&parent=1210"}],"curies":[{"name":"wp","href":"https:\/\/api.w.org\/{rel}","templated":true}]}}