{"id":1145,"date":"2019-02-21T11:58:22","date_gmt":"2019-02-21T11:58:22","guid":{"rendered":"http:\/\/ffwi.myprohost.com\/?page_id=1145"},"modified":"2026-01-07T23:56:28","modified_gmt":"2026-01-07T23:56:28","slug":"hfm-bollenberger-matthias","status":"publish","type":"page","link":"https:\/\/ff.winzendorf.at\/?page_id=1145","title":{"rendered":"HFM BOLLENBERGER Matthias"},"content":{"rendered":"\n<hr class=\"wp-block-separator has-css-opacity\"\/>\n\n\n\n<figure class=\"wp-block-image size-large is-resized\"><a href=\"https:\/\/ff.winzendorf.at\/wp-content\/uploads\/2021\/12\/Bollenberger-Mathias-scaled.jpg\"><img fetchpriority=\"high\" decoding=\"async\" width=\"683\" height=\"1024\" src=\"https:\/\/ff.winzendorf.at\/wp-content\/uploads\/2021\/12\/Bollenberger-Mathias-683x1024.jpg\" alt=\"\" class=\"wp-image-2267\" style=\"width:342px;height:512px\" srcset=\"https:\/\/ff.winzendorf.at\/wp-content\/uploads\/2021\/12\/Bollenberger-Mathias-683x1024.jpg 683w, https:\/\/ff.winzendorf.at\/wp-content\/uploads\/2021\/12\/Bollenberger-Mathias-200x300.jpg 200w, https:\/\/ff.winzendorf.at\/wp-content\/uploads\/2021\/12\/Bollenberger-Mathias-768x1152.jpg 768w, https:\/\/ff.winzendorf.at\/wp-content\/uploads\/2021\/12\/Bollenberger-Mathias-1024x1536.jpg 1024w, https:\/\/ff.winzendorf.at\/wp-content\/uploads\/2021\/12\/Bollenberger-Mathias-1365x2048.jpg 1365w, https:\/\/ff.winzendorf.at\/wp-content\/uploads\/2021\/12\/Bollenberger-Mathias-scaled.jpg 1707w\" sizes=\"(max-width: 683px) 100vw, 683px\" \/><\/a><\/figure>\n\n\n\n<hr class=\"wp-block-separator has-css-opacity\"\/>\n\n\n\n<h3 class=\"wp-block-heading\">Beitritt<\/h3>\n\n\n\n<table class=\"alignleft\" style=\"height: 10px;\">\n<tbody>\n<tr style=\"height: 30px;\">\n<td style=\"width: 123.65px; height: 10px;\"><strong>Beitrittsdatum<\/strong><\/td>\n<td style=\"width: 436.35px; height: 10px;\">06.01.1996<\/td>\n<\/tr>\n<\/tbody>\n<\/table>\n\n\n\n<div style=\"height:35px\" aria-hidden=\"true\" class=\"wp-block-spacer\"><\/div>\n\n\n\n<h3 class=\"wp-block-heading\">Leistungsabzeichen<\/h3>\n\n\n\n<table class=\"alignleft\" style=\"height: 83px; width: 100%;\">\n<tbody>\n<tr style=\"height: 30px;\">\n<td style=\"width: 121.717px; height: 30px;\"><strong>1996<br><\/strong><\/td>\n<td style=\"width: 438.283px; height: 30px;\">Feuerwehrleistungsabzeichen Bronze<\/td>\n<\/tr>\n<tr style=\"height: 30px;\">\n<td style=\"width: 121.717px; height: 30px;\"><strong>1996<br><\/strong><\/td>\n<td style=\"width: 438.283px; height: 30px;\">Feuerwehrleistungsabzeichen Silber<\/td>\n<\/tr>\n<tr style=\"height: 23px;\">\n<td style=\"width: 121.717px; height: 23px;\"><strong>2008<br><\/strong><\/td>\n<td style=\"width: 438.283px; height: 23px;\">Ausbildungspr\u00fcfung \u201eTechnischer Einsatz\u201c Bronze<\/td>\n<\/tr>\n<\/tbody>\n<\/table>\n\n\n\n<hr class=\"wp-block-separator has-css-opacity\"\/>\n\n\n\n<div style=\"height:35px\" aria-hidden=\"true\" class=\"wp-block-spacer\"><\/div>\n\n\n\n<h3 class=\"wp-block-heading\">Besondere Auszeichnungen<\/h3>\n\n\n\n<table class=\"alignleft\" style=\"height: 53px; width: 100%;\">\n<tbody>\n<tr style=\"height: 30px;\">\n<td style=\"width: 121.717px; height: 30px;\"><strong>2021<br \/><\/strong><\/td>\n<td style=\"width: 438.283px; height: 30px;\">Ehrenzeichen f\u00fcr vielj\u00e4hrige verdienstvolle T\u00e4tigkeit auf dem Gebiete des Feuerwehr- und Rettungswesens 25 Jahre<\/td>\n<\/tr>\n<tr style=\"height: 23px;\">\n<td style=\"width: 121.717px; height: 23px;\"><strong>2025<\/strong><\/td>\n<td style=\"width: 438.283px; height: 23px;\">Katastropheneinsatzmedaille Hochwasser 2024<\/td>\n<\/tr>\n<\/tbody>\n<\/table>\n\n\n","protected":false},"excerpt":{"rendered":"<p>Beitritt Beitrittsdatum 06.01.1996 Leistungsabzeichen 1996 Feuerwehrleistungsabzeichen Bronze 1996 Feuerwehrleistungsabzeichen Silber 2008 Ausbildungspr\u00fcfung \u201eTechnischer Einsatz\u201c Bronze Besondere Auszeichnungen 2021 Ehrenzeichen f\u00fcr vielj\u00e4hrige verdienstvolle T\u00e4tigkeit auf dem Gebiete des Feuerwehr- und Rettungswesens 25 Jahre 2025 Katastropheneinsatzmedaille Hochwasser 2024<\/p>\n","protected":false},"author":1,"featured_media":0,"parent":1027,"menu_order":0,"comment_status":"closed","ping_status":"closed","template":"","meta":{"footnotes":""},"class_list":["post-1145","page","type-page","status-publish","hentry"],"_links":{"self":[{"href":"https:\/\/ff.winzendorf.at\/index.php?rest_route=\/wp\/v2\/pages\/1145","targetHints":{"allow":["GET"]}}],"collection":[{"href":"https:\/\/ff.winzendorf.at\/index.php?rest_route=\/wp\/v2\/pages"}],"about":[{"href":"https:\/\/ff.winzendorf.at\/index.php?rest_route=\/wp\/v2\/types\/page"}],"author":[{"embeddable":true,"href":"https:\/\/ff.winzendorf.at\/index.php?rest_route=\/wp\/v2\/users\/1"}],"replies":[{"embeddable":true,"href":"https:\/\/ff.winzendorf.at\/index.php?rest_route=%2Fwp%2Fv2%2Fcomments&post=1145"}],"version-history":[{"count":8,"href":"https:\/\/ff.winzendorf.at\/index.php?rest_route=\/wp\/v2\/pages\/1145\/revisions"}],"predecessor-version":[{"id":3829,"href":"https:\/\/ff.winzendorf.at\/index.php?rest_route=\/wp\/v2\/pages\/1145\/revisions\/3829"}],"up":[{"embeddable":true,"href":"https:\/\/ff.winzendorf.at\/index.php?rest_route=\/wp\/v2\/pages\/1027"}],"wp:attachment":[{"href":"https:\/\/ff.winzendorf.at\/index.php?rest_route=%2Fwp%2Fv2%2Fmedia&parent=1145"}],"curies":[{"name":"wp","href":"https:\/\/api.w.org\/{rel}","templated":true}]}}

<hr class="wp-block-separator has-css-opacity"/>



<figure class="wp-block-image size-large is-resized"><a href="https://ff.winzendorf.at/wp-content/uploads/2021/12/Bollenberger-Mathias-scaled.jpg"><img fetchpriority="high" decoding="async" width="683" height="1024" src="https://ff.winzendorf.at/wp-content/uploads/2021/12/Bollenberger-Mathias-683x1024.jpg" alt="" class="wp-image-2267" style="width:342px;height:512px" srcset="https://ff.winzendorf.at/wp-content/uploads/2021/12/Bollenberger-Mathias-683x1024.jpg 683w, https://ff.winzendorf.at/wp-content/uploads/2021/12/Bollenberger-Mathias-200x300.jpg 200w, https://ff.winzendorf.at/wp-content/uploads/2021/12/Bollenberger-Mathias-768x1152.jpg 768w, https://ff.winzendorf.at/wp-content/uploads/2021/12/Bollenberger-Mathias-1024x1536.jpg 1024w, https://ff.winzendorf.at/wp-content/uploads/2021/12/Bollenberger-Mathias-1365x2048.jpg 1365w, https://ff.winzendorf.at/wp-content/uploads/2021/12/Bollenberger-Mathias-scaled.jpg 1707w" sizes="(max-width: 683px) 100vw, 683px" /></a></figure>



<hr class="wp-block-separator has-css-opacity"/>



<h3 class="wp-block-heading">Beitritt</h3>



<table class="alignleft" style="height: 10px;">
<tbody>
<tr style="height: 30px;">
<td style="width: 123.65px; height: 10px;"><strong>Beitrittsdatum</strong></td>
<td style="width: 436.35px; height: 10px;">06.01.1996</td>
</tr>
</tbody>
</table>



<div style="height:35px" aria-hidden="true" class="wp-block-spacer"></div>



<h3 class="wp-block-heading">Leistungsabzeichen</h3>



<table class="alignleft" style="height: 83px; width: 100%;">
<tbody>
<tr style="height: 30px;">
<td style="width: 121.717px; height: 30px;"><strong>1996<br></strong></td>
<td style="width: 438.283px; height: 30px;">Feuerwehrleistungsabzeichen Bronze</td>
</tr>
<tr style="height: 30px;">
<td style="width: 121.717px; height: 30px;"><strong>1996<br></strong></td>
<td style="width: 438.283px; height: 30px;">Feuerwehrleistungsabzeichen Silber</td>
</tr>
<tr style="height: 23px;">
<td style="width: 121.717px; height: 23px;"><strong>2008<br></strong></td>
<td style="width: 438.283px; height: 23px;">Ausbildungsprüfung „Technischer Einsatz“ Bronze</td>
</tr>
</tbody>
</table>



<hr class="wp-block-separator has-css-opacity"/>



<div style="height:35px" aria-hidden="true" class="wp-block-spacer"></div>



<h3 class="wp-block-heading">Besondere Auszeichnungen</h3>



<table class="alignleft" style="height: 53px; width: 100%;">
<tbody>
<tr style="height: 30px;">
<td style="width: 121.717px; height: 30px;"><strong>2021<br /></strong></td>
<td style="width: 438.283px; height: 30px;">Ehrenzeichen für vieljährige verdienstvolle Tätigkeit auf dem Gebiete des Feuerwehr- und Rettungswesens 25 Jahre</td>
</tr>
<tr style="height: 23px;">
<td style="width: 121.717px; height: 23px;"><strong>2025</strong></td>
<td style="width: 438.283px; height: 23px;">Katastropheneinsatzmedaille Hochwasser 2024</td>
</tr>
</tbody>
</table>

<p>Beitritt Beitrittsdatum 06.01.1996 Leistungsabzeichen 1996 Feuerwehrleistungsabzeichen Bronze 1996 Feuerwehrleistungsabzeichen Silber 2008 Ausbildungsprüfung „Technischer Einsatz“ Bronze Besondere Auszeichnungen 2021 Ehrenzeichen für vieljährige verdienstvolle Tätigkeit auf dem Gebiete des Feuerwehr- und Rettungswesens 25 Jahre 2025 Katastropheneinsatzmedaille Hochwasser 2024</p>
