{"id":1132,"date":"2019-02-21T11:36:42","date_gmt":"2019-02-21T11:36:42","guid":{"rendered":"http:\/\/ffwi.myprohost.com\/?page_id=1132"},"modified":"2026-01-08T00:23:10","modified_gmt":"2026-01-08T00:23:10","slug":"lm-puchegger-christoph","status":"publish","type":"page","link":"https:\/\/ff.winzendorf.at\/?page_id=1132","title":{"rendered":"LM PUCHEGGER Christoph"},"content":{"rendered":"\n<hr class=\"wp-block-separator has-css-opacity\"\/>\n\n\n\n<figure class=\"wp-block-image is-resized\"><a href=\"https:\/\/ff.winzendorf.at\/wp-content\/uploads\/2019\/01\/Puchegger.jpg\"><img fetchpriority=\"high\" decoding=\"async\" width=\"739\" height=\"1024\" src=\"https:\/\/ff.winzendorf.at\/wp-content\/uploads\/2019\/01\/Puchegger-739x1024.jpg\" alt=\"\" class=\"wp-image-793\" style=\"width:370px;height:512px\" srcset=\"https:\/\/ff.winzendorf.at\/wp-content\/uploads\/2019\/01\/Puchegger-739x1024.jpg 739w, https:\/\/ff.winzendorf.at\/wp-content\/uploads\/2019\/01\/Puchegger-217x300.jpg 217w, https:\/\/ff.winzendorf.at\/wp-content\/uploads\/2019\/01\/Puchegger-768x1064.jpg 768w, https:\/\/ff.winzendorf.at\/wp-content\/uploads\/2019\/01\/Puchegger.jpg 1000w\" sizes=\"(max-width: 739px) 100vw, 739px\" \/><\/a><\/figure>\n\n\n\n<hr class=\"wp-block-separator has-css-opacity\"\/>\n\n\n\n<h3 class=\"wp-block-heading\">Beitritt<\/h3>\n\n\n\n<table class=\"alignleft\" style=\"height: 60px;\">\n<tbody>\n<tr style=\"height: 30px;\">\n<td style=\"width: 122.217px; height: 30px;\"><strong>Beitrittsdatum<\/strong><\/td>\n<td style=\"width: 439.783px; height: 30px;\">06.01.2000<\/td>\n<\/tr>\n<\/tbody>\n<\/table>\n\n\n\n<hr class=\"wp-block-separator has-css-opacity\"\/>\n\n\n\n<div style=\"height:35px\" aria-hidden=\"true\" class=\"wp-block-spacer\"><\/div>\n\n\n\n<h3 class=\"wp-block-heading\">Leistungsabzeichen<\/h3>\n\n\n\n<table class=\"alignleft\" style=\"height: 60px;\">\n<tbody>\n<tr style=\"height: 30px;\">\n<td style=\"width: 121.717px; height: 30px;\"><strong>2006<br><\/strong><\/td>\n<td style=\"width: 438.283px; height: 30px;\">Ausbildungspr\u00fcfung &#8222;Technischer Einsatz&#8220; Bronze<\/td>\n<\/tr>\n<tr style=\"height: 30px;\">\n<td style=\"width: 121.717px; height: 30px;\"><strong>2008<br><\/strong><\/td>\n<td style=\"width: 438.283px; height: 30px;\">Feuerwehrleistungsabzeichen Bronze<\/td>\n<\/tr>\n<tr>\n<td style=\"width: 121.717px;\"><strong>2008<\/strong><\/td>\n<td style=\"width: 438.283px;\">Ausbildungspr\u00fcfung &#8222;Technischer Einsatz&#8220; Silber<\/td>\n<\/tr>\n<tr>\n<td style=\"width: 121.717px;\"><strong>2009<\/strong><\/td>\n<td style=\"width: 438.283px;\">Feuerwehrleistungsabzeichen Silber<\/td>\n<\/tr>\n<tr>\n<td style=\"width: 121.717px;\"><strong>2017<\/strong><\/td>\n<td style=\"width: 438.283px;\">Ausbildungspr\u00fcfung &#8222;Atemschutz&#8220; Bronze<\/td>\n<\/tr>\n<\/tbody>\n<\/table>\n\n\n\n<hr class=\"wp-block-separator has-css-opacity\"\/>\n\n\n\n<div style=\"height:35px\" aria-hidden=\"true\" class=\"wp-block-spacer\"><\/div>\n\n\n\n<h3 class=\"wp-block-heading\">Besondere Auszeichnungen<\/h3>\n\n\n\n<table class=\"alignleft\" style=\"height: 60px;\">\n<tbody>\n<tr style=\"height: 30px;\">\n<td style=\"width: 121.717px; height: 30px;\"><strong>2025<\/strong><\/td>\n<td style=\"width: 438.283px; height: 30px;\">Ehrenzeichen f\u00fcr vielj\u00e4hrige verdienstvolle T\u00e4tigkeit auf dem Gebiete des Feuerwehr- und Rettungswesens 25 Jahre<\/td>\n<\/tr>\n<tr>\n<td style=\"width: 121.717px;\"><strong>2025<\/strong><\/td>\n<td style=\"width: 438.283px;\">Katastropheneinsatzmedaille Hochwasser 2024<\/td>\n<\/tr>\n<\/tbody>\n<\/table>\n","protected":false},"excerpt":{"rendered":"<p>Beitritt Beitrittsdatum 06.01.2000 Leistungsabzeichen 2006 Ausbildungspr\u00fcfung &#8222;Technischer Einsatz&#8220; Bronze 2008 Feuerwehrleistungsabzeichen Bronze 2008 Ausbildungspr\u00fcfung &#8222;Technischer Einsatz&#8220; Silber 2009 Feuerwehrleistungsabzeichen Silber 2017 Ausbildungspr\u00fcfung &#8222;Atemschutz&#8220; Bronze Besondere Auszeichnungen 2025 Ehrenzeichen f\u00fcr vielj\u00e4hrige verdienstvolle T\u00e4tigkeit auf dem Gebiete des Feuerwehr- und Rettungswesens 25 Jahre 2025 Katastropheneinsatzmedaille Hochwasser 2024<\/p>\n","protected":false},"author":3,"featured_media":0,"parent":1002,"menu_order":0,"comment_status":"closed","ping_status":"closed","template":"","meta":{"footnotes":""},"class_list":["post-1132","page","type-page","status-publish","hentry"],"_links":{"self":[{"href":"https:\/\/ff.winzendorf.at\/index.php?rest_route=\/wp\/v2\/pages\/1132","targetHints":{"allow":["GET"]}}],"collection":[{"href":"https:\/\/ff.winzendorf.at\/index.php?rest_route=\/wp\/v2\/pages"}],"about":[{"href":"https:\/\/ff.winzendorf.at\/index.php?rest_route=\/wp\/v2\/types\/page"}],"author":[{"embeddable":true,"href":"https:\/\/ff.winzendorf.at\/index.php?rest_route=\/wp\/v2\/users\/3"}],"replies":[{"embeddable":true,"href":"https:\/\/ff.winzendorf.at\/index.php?rest_route=%2Fwp%2Fv2%2Fcomments&post=1132"}],"version-history":[{"count":9,"href":"https:\/\/ff.winzendorf.at\/index.php?rest_route=\/wp\/v2\/pages\/1132\/revisions"}],"predecessor-version":[{"id":3860,"href":"https:\/\/ff.winzendorf.at\/index.php?rest_route=\/wp\/v2\/pages\/1132\/revisions\/3860"}],"up":[{"embeddable":true,"href":"https:\/\/ff.winzendorf.at\/index.php?rest_route=\/wp\/v2\/pages\/1002"}],"wp:attachment":[{"href":"https:\/\/ff.winzendorf.at\/index.php?rest_route=%2Fwp%2Fv2%2Fmedia&parent=1132"}],"curies":[{"name":"wp","href":"https:\/\/api.w.org\/{rel}","templated":true}]}}

<hr class="wp-block-separator has-css-opacity"/>



<figure class="wp-block-image is-resized"><a href="https://ff.winzendorf.at/wp-content/uploads/2019/01/Puchegger.jpg"><img fetchpriority="high" decoding="async" width="739" height="1024" src="https://ff.winzendorf.at/wp-content/uploads/2019/01/Puchegger-739x1024.jpg" alt="" class="wp-image-793" style="width:370px;height:512px" srcset="https://ff.winzendorf.at/wp-content/uploads/2019/01/Puchegger-739x1024.jpg 739w, https://ff.winzendorf.at/wp-content/uploads/2019/01/Puchegger-217x300.jpg 217w, https://ff.winzendorf.at/wp-content/uploads/2019/01/Puchegger-768x1064.jpg 768w, https://ff.winzendorf.at/wp-content/uploads/2019/01/Puchegger.jpg 1000w" sizes="(max-width: 739px) 100vw, 739px" /></a></figure>



<hr class="wp-block-separator has-css-opacity"/>



<h3 class="wp-block-heading">Beitritt</h3>



<table class="alignleft" style="height: 60px;">
<tbody>
<tr style="height: 30px;">
<td style="width: 122.217px; height: 30px;"><strong>Beitrittsdatum</strong></td>
<td style="width: 439.783px; height: 30px;">06.01.2000</td>
</tr>
</tbody>
</table>



<hr class="wp-block-separator has-css-opacity"/>



<div style="height:35px" aria-hidden="true" class="wp-block-spacer"></div>



<h3 class="wp-block-heading">Leistungsabzeichen</h3>



<table class="alignleft" style="height: 60px;">
<tbody>
<tr style="height: 30px;">
<td style="width: 121.717px; height: 30px;"><strong>2006<br></strong></td>
<td style="width: 438.283px; height: 30px;">Ausbildungsprüfung &#8222;Technischer Einsatz&#8220; Bronze</td>
</tr>
<tr style="height: 30px;">
<td style="width: 121.717px; height: 30px;"><strong>2008<br></strong></td>
<td style="width: 438.283px; height: 30px;">Feuerwehrleistungsabzeichen Bronze</td>
</tr>
<tr>
<td style="width: 121.717px;"><strong>2008</strong></td>
<td style="width: 438.283px;">Ausbildungsprüfung &#8222;Technischer Einsatz&#8220; Silber</td>
</tr>
<tr>
<td style="width: 121.717px;"><strong>2009</strong></td>
<td style="width: 438.283px;">Feuerwehrleistungsabzeichen Silber</td>
</tr>
<tr>
<td style="width: 121.717px;"><strong>2017</strong></td>
<td style="width: 438.283px;">Ausbildungsprüfung &#8222;Atemschutz&#8220; Bronze</td>
</tr>
</tbody>
</table>



<hr class="wp-block-separator has-css-opacity"/>



<div style="height:35px" aria-hidden="true" class="wp-block-spacer"></div>



<h3 class="wp-block-heading">Besondere Auszeichnungen</h3>



<table class="alignleft" style="height: 60px;">
<tbody>
<tr style="height: 30px;">
<td style="width: 121.717px; height: 30px;"><strong>2025</strong></td>
<td style="width: 438.283px; height: 30px;">Ehrenzeichen für vieljährige verdienstvolle Tätigkeit auf dem Gebiete des Feuerwehr- und Rettungswesens 25 Jahre</td>
</tr>
<tr>
<td style="width: 121.717px;"><strong>2025</strong></td>
<td style="width: 438.283px;">Katastropheneinsatzmedaille Hochwasser 2024</td>
</tr>
</tbody>
</table>

<p>Beitritt Beitrittsdatum 06.01.2000 Leistungsabzeichen 2006 Ausbildungsprüfung &#8222;Technischer Einsatz&#8220; Bronze 2008 Feuerwehrleistungsabzeichen Bronze 2008 Ausbildungsprüfung &#8222;Technischer Einsatz&#8220; Silber 2009 Feuerwehrleistungsabzeichen Silber 2017 Ausbildungsprüfung &#8222;Atemschutz&#8220; Bronze Besondere Auszeichnungen 2025 Ehrenzeichen für vieljährige verdienstvolle Tätigkeit auf dem Gebiete des Feuerwehr- und Rettungswesens 25 Jahre 2025 Katastropheneinsatzmedaille Hochwasser 2024</p>
